t p be (2/1 + -3)/(-1). What is the units digit of (1 + p)*5/10?
1
Suppose -t - 22 = -2*p + 37, t = -2*p + 65. What is the units digit of p?
1
Let s(q) = 11*q. What is the units digit of s(2)?
2
Let n = -39 - -160. What is the hundreds digit of n?
1
Let l(q) = -6*q + 2. Let g be l(-3). Suppose -3*r + 5*r - g = 0. What is the tens digit of r?
1
Let g = 4 + -12. Let s = -4 - g. What is the units digit of s?
4
Let k be (-56)/3*(-36)/24. Let r = k + -9. What is the units digit of r?
9
Suppose 310 = 2*o - 3*q, q = 2*o - 0*q - 302. What is the tens digit of o?
4
Suppose 2*z + 3*b - b - 42 = 0, -75 = -5*z + b. What is the tens digit of z/1 + 2 + -2?
1
Suppose 2*r - 71 = -2*r + 3*b, 2*b = -10. What is the tens digit of r?
1
Suppose -4*x = -2*z - 96, -2*x + 4*z = -0*x - 60. What is the tens digit of x?
2
Suppose 53 = v + 2*m, 4*v + 4*m - 60 - 160 = 0. Suppose -4*z + v = z + d, -3*z = 2*d - 37. What is the tens digit of z?
1
Suppose 5*a = -0*a + 775. Suppose -s + a = 4*s. What is the tens digit of s?
3
Suppose 0 = -3*c + 3, 2*a = -3*c + 17 + 4. Suppose 4 - a = -v. What is the units digit of v?
5
Let k(p) = -105*p**3 - p**2 - p - 1. What is the units digit of k(-1)?
4
Let b(z) = 2*z**2 + 2*z - 3. Let f be b(5). Suppose i + f = 4*i. What is the tens digit of i?
1
Let u(y) = y**3 - y**2 + y + 11. Let c be u(0). Let t be c - 1/(1 + 0). What is the units digit of ((-6)/(-10))/(2/t)?
3
Suppose 2*s + 10 = 0, 2*h = 2*s + 3*s + 29. Let i(x) = -x**3 - 2 + 3 - x**2 + 5*x**h. What is the units digit of i(3)?
0
Let h(d) = -d - 7. Let r be h(-7). Suppose 3*l - 8 - 10 = r. What is the units digit of 3*(-3)/l*-2?
3
Suppose 0 = -5*t + 5*y, -4*t + y = -3 - 0. Let o = 2 - t. Let n = 2 + o. What is the units digit of n?
3
Suppose -4*q = -0*a + a + 13, 4*a - 5*q = 53. What is the units digit of a?
7
Let g be (-9)/(-45) + (-38)/(-10). Let p(o) = o**3 + o**2 + 2*o - 3. Let t be p(g). Suppose 6*a = a + t. What is the units digit of a?
7
Let v(w) = 44*w**3 + w**2 + w - 1. What is the tens digit of v(1)?
4
Suppose 2*m - 15 - 5 = 0. What is the units digit of 4/m + 16/10?
2
What is the units digit of (-2)/(-11) - 2590/(-154)?
7
Suppose -4*r = -c - 7*r + 80, 3*c - 4*r - 305 = 0. Suppose o = -4*o + c. What is the tens digit of o?
1
Let t(d) = -d**3 - 2*d**2 + 2*d + 2. Let b be t(-3). Suppose 29 = b*g + x, 4*g + 1 - 29 = -2*x. What is the units digit of g?
5
Let g = 26 + -30. Let t(u) be the second derivative of -2*u**3/3 - 2*u**2 - u. What is the tens digit of t(g)?
1
Let h(z) = 3*z**3 + 11*z**3 - 4*z**2 - 1 + 3*z**2 + 2*z**2 + z. What is the tens digit of h(1)?
1
Let z(r) be the second derivative of 0 + 1/2*r**3 - 3/4*r**4 + 1/20*r**5 - 13/2*r**2 - 3*r. What is the tens digit of z(9)?
1
Let k = 452 - 269. What is the units digit of k?
3
Let o = -73 + 291. What is the hundreds digit of o?
2
Suppose -4*t = -57 - 43. What is the tens digit of t?
2
Let b(q) = -4*q - 2. Let t(k) = k. Let r be t(-4). What is the tens digit of b(r)?
1
Suppose 0 = -b + 2*t + 33, -4*b + 152 = b + 3*t. Suppose 5*i = 3*v - 94, -2*v - 3*i + b = -19. What is the units digit of v?
8
Let x(r) = -4*r + 0*r - 9*r**2 + 21 - 17. Let v(w) = -8*w**2 - 3*w + 3. Let g(s) = -6*v(s) + 5*x(s). What is the tens digit of g(2)?
1
Let k = -9 - -95. What is the tens digit of k?
8
Suppose 2 = -5*p + 3*u, 4*p + u - 14 = -p. Suppose 0 = w - 5, 0*w = p*o + w + 11. What is the units digit of 0 + 0 + o/(-1)?
8
Let g = -14 + 10. Let s = g - -8. Let n = s + -1. What is the units digit of n?
3
Suppose -2*r = 4*h - 36, -3*r - h + 9 = -40. What is the units digit of r?
6
Let j = 8 - 3. Suppose 2*y = 4*y - q - 51, -126 = -j*y + 2*q. What is the units digit of y?
4
Let x(o) be the first derivative of -o**3/3 - 3*o**2/2 + 2*o - 2. Let t be x(-4). What is the units digit of 5/3 - t/6?
2
Let s be (6/(-10))/((-3)/45). Let z be s*(3 - -1)/2. Suppose -q - 23 = -j, z = 4*j - 2*j + 5*q. What is the units digit of j?
9
Let o(u) be the third derivative of u**6/120 + u**5/20 - u**3/6 - u**2. Let f be o(-2). Suppose 4*s = -12, -7 = l + l + f*s. What is the units digit of l?
1
Let s(p) = 4*p - 4. Let n be (4 + -1)*(-2)/(-3). Let d be 26/8 - n/8. What is the units digit of s(d)?
8
Suppose -3*l = 2*o, -o - 4*l = l + 7. Suppose -4*v + o + 9 = 0. Suppose 0 = -8*d + v*d + 70. What is the tens digit of d?
1
Let b be 1*-3*(-56)/6. Let s(o) = -2*o**2 + 24*o - 20. Let d be s(11). Suppose -4*v + b = -d*v. What is the tens digit of v?
1
Suppose -3*j - 70 = -f, 0 = -4*f - j + 129 + 99. What is the units digit of f?
8
Let m be -1*1 - (-8)/2. Suppose -8 = m*h - 5*h. Suppose -3 = -h*t + 1. What is the units digit of t?
1
Suppose -2*o = -7*o + 3*h + 1506, 0 = o - h - 302. What is the tens digit of o?
0
Let l = -4 - -7. Let x = 4 - l. Suppose 5*w - 4 = x. What is the units digit of w?
1
Let g = -28 + 38. Let t = 27 - 8. Let n = t - g. What is the units digit of n?
9
Let y(w) be the third derivative of w**4/24 - w**3/3 - 2*w**2. Let m be y(4). Suppose -x - 5*l = -5 - m, 0 = -4*x - 4*l + 28. What is the units digit of x?
7
Let g(h) = 25*h**2 + h. Let l be g(-1). Let u be (4 + -2)*-2 + 2. What is the units digit of (3/u)/((-9)/l)?
4
Suppose 2*z - 44 = -3*v, z + 4*z + v - 84 = 0. Let i = -4 + z. What is the units digit of i?
2
What is the units digit of (-164)/3*12/(-8)?
2
Suppose 2*f = 2*t + t + 4, -4*t - 8 = -4*f. Suppose 4*s - 8 = -t. What is the units digit of s?
2
Suppose -4*t + 55 = t. Let w = t + 25. Suppose -3*q - 4*l + w = -q, -2*q = -l - 21. What is the tens digit of q?
1
Let j(x) = x**2 + 7*x - 1. Let q be j(-6). Let a = -5 - q. Suppose 2*d + 3*h = -a, 2*h + 4 = -4. What is the units digit of d?
5
Let b = -13 + 19. Suppose 0 = -3*x + b*x + 9. Let q(p) = -p + 1. What is the units digit of q(x)?
4
Suppose 0 = 6*b - 2*b - 92. Suppose -4*z - 2 = 3*c - b, 4*z = 5*c - 3. What is the units digit of z?
3
Suppose -3*n - 1453 = -3*k - 322, 1883 = 5*k - 3*n. What is the units digit of k?
6
Let g be ((-4)/(-3))/(4/(-18)). Let z = g + 17. What is the tens digit of z?
1
Suppose 4*u - 6 - 6 = 0. Suppose -u*d = -12 - 15. Suppose d*j - 10*j = -1. What is the units digit of j?
1
Let m = -78 + 126. What is the units digit of m?
8
What is the hundreds digit of 130 - (0 + (3 - 4))?
1
Suppose -2*t + 78 = 2*p, 3*p = 6*t - t + 101. Let b = 62 - p. What is the tens digit of b?
2
Let n be 1/1*(6 + -5). Let f = 13 + n. What is the tens digit of f?
1
Suppose -9 = -3*d, d + 0*d - 8 = -q. What is the tens digit of (q - -3)/(-4)*-9?
1
Let z(x) be the second derivative of -1/12*x**4 - x - 2*x**2 + 0 + 4/3*x**3. What is the tens digit of z(3)?
1
Let z(a) = 2*a + 30. What is the tens digit of z(0)?
3
Let x(o) = o**2 + o + 52. What is the units digit of x(0)?
2
Suppose -3*j - 3*v + v = -115, v + 72 = 2*j. Suppose -3*f - 2*b = -b - 29, 3*f - j = -5*b. What is the units digit of f?
9
Suppose -3*d + 15 = 3. Let p be 10/d*4/5. What is the units digit of (-15)/(-12) + p/(-8)?
1
Let t(x) = 8*x**3 + 1. Let h be t(-1). Let u = 8 + h. Suppose -4 + u = -w. What is the units digit of w?
3
Suppose 0 = 3*p + 2*p - 5*l - 1630, 2*p - 4*l - 646 = 0. What is the tens digit of p?
2
Suppose -5*r + 3*r + 6 = 0. Suppose -r*a + 0 = -9. Suppose -a*l = 3 - 21. What is the units digit of l?
6
Suppose 3*o + o = 0, 3*b = o + 138. What is the tens digit of b?
4
Suppose -15 = 3*v - 6*v. Suppose -4*n + 16 + 144 = 0. Suppose o = v*o - n. What is the units digit of o?
0
Let l(m) = 11*m + 3. Let p be l(7). What is the units digit of ((-12)/10)/((-12)/p)?
8
Suppose 4*w = -w + 45. Let m(v) = v - 11. Let r be m(w). Let i = r + 7. What is the units digit of i?
5
Let s = 2 + 18. Suppose -5*h - 3*k + 9 = 24, 4*k = 2*h - s. Suppose 2*q + 5*a + 19 = h, 3*a + 13 + 14 = 4*q. What is the units digit of q?
3
Let v be (7/(-14))/(2/(-28)). Suppose 3*l - v = 5. Suppose 2*n + 2*m + 1 = 7, -l*n + 12 = -m. What is the units digit of n?
3
Let t = 13 - 14. What is the units digit of 8 + t - (9 + -7)?
5
Suppose 4*p + o + 36 = 5*p, 0 = p + 3*o - 36. What is the units digit of p?
6
Let c(r) = -3*r + 3. Let z be c(2). Let m = z + 8. What is the units digit of m?
5
Let x(y) = -4*y + 1. Let z be x(-1). Suppose 0*p - 4*p = 5*v - 41, 2*p + z*v = 23. Let q = p + 2. What is the units digit of q?
1
Let t(v) = -v - v**3 - 3 + 2 + 0*v. Let j be ((-8)/(-16))